 c?
2
Let j = 77 + -3. What is the tens digit of j?
7
Let j be -1 - -19 - 3/1. Suppose -10*v = -j*v + 250. What is the tens digit of v?
5
Suppose 0 = -0*l + 4*l. Let z be l + 2 + 2/1. Suppose -5*x + 2*x = 5*t - 26, 2*t = z*x. What is the units digit of t?
4
Let i(o) = o - 13. Let n(v) = -v + 12. Let u(x) = 3*i(x) + 4*n(x). What is the units digit of u(6)?
3
Let p = 39 + 6. Suppose 0 = -5*v + k - 6*k + 50, -4*k + p = 5*v. Suppose 5*d + v = 65. What is the units digit of d?
2
Suppose p - 115 = -5*j, 2*p + 2*j - 281 = -91. What is the units digit of p?
0
Let b be -3 - (-46 + -1 + 1). Suppose 141 = -4*z - 5*q, 5*z - 4*q - 27 = -152. Let n = z + b. What is the units digit of n?
4
Let f be 1 - ((-2)/2 + 4). Let j be 3*(f/3 + 2). Suppose -3*c + 11 = -5*u - j, 2*c = -4*u + 32. What is the units digit of c?
0
Suppose 7*x - 5*x = 226. What is the hundreds digit of x?
1
Suppose -2*d - 1 - 2 = x, -x - 3 = 3*d. Suppose 3 = -a - d, -4*a + 8 = -5*v. What is the units digit of (-6)/v*32/12?
4
Suppose o - 34 = -0*o + 3*u, -122 = -3*o + 4*u. What is the tens digit of o?
4
Let a = 27 + -19. What is the units digit of a?
8
Suppose -2*w = 3*w - 240. What is the tens digit of w?
4
Let j(s) = -s**3 + s - 1. Let x be 4/3*6/(-4). Let k be -4 - 0 - x*1. What is the units digit of j(k)?
5
Let g(x) = x**2 - 20*x - 19. What is the units digit of g(22)?
5
Let y be 0 - 69/6*-4. Suppose -4*a + r = 1 - y, 3*a - 4*r - 24 = 0. What is the units digit of a?
2
Let h be (-4)/(15/9 + -2). Suppose 0 = 2*s - 6*s + h. Suppose -5*u - 3 = 4*g, s*g + 6 = 2*u - 7*u. What is the units digit of g?
3
Let c be 1/(-2)*1*0. Suppose 8 = -4*d - 0. Let t = c - d. What is the units digit of t?
2
Suppose 6 = 5*i - 19. Suppose 3*l + 2 = -i*a - 17, 14 = -3*l - 4*a. Suppose -j + l*b = -1, -b + 2*b = -4*j + 22. What is the units digit of j?
5
Let n = 4 + 5. What is the units digit of n?
9
Let k = 39 - 25. Let z be 6/27 + 32/18. Suppose h + k = z*h. What is the tens digit of h?
1
Let p(t) be the third derivative of t**6/30 - t**5/30 + t**4/24 + 2*t**2. Let r be p(1). Suppose 0 = -r*f + 8*f - 15. What is the units digit of f?
3
Suppose t = -t - 6, t = -4*q + 205. Suppose -4*h + q = -3*d - d, 5*d - 23 = -3*h. What is the tens digit of h?
1
Suppose -5*q - 2*j = 8, -2*q + j + 4 = 3*q. Suppose d - 13 = -q. What is the tens digit of d?
1
Suppose 38 - 8 = 2*p. Let d = -2 + p. What is the tens digit of d?
1
Suppose -z + 65 = -7*t + 5*t, -t = 0. What is the units digit of z?
5
Suppose 772 = 5*c + 2*g + g, -4*g - 624 = -4*c. What is the hundreds digit of c?
1
Suppose -3*g - 3*p + 8*p = -208, -4*g + 5*p = -274. What is the tens digit of g?
6
Let z(d) = 0*d + 2*d**2 - 6*d - 3*d**2 + 6. Let o be z(-6). Suppose -c + 1 + o = 0. What is the units digit of c?
7
Suppose 8 = -2*m - 4*n, -6*n = -2*n + 16. Suppose 0 = m*c + 2 - 14. Suppose -j + 15 = 2*v, 93 - 18 = 5*j + c*v. What is the units digit of j?
5
Let x = 146 - 61. What is the units digit of x?
5
Suppose -1 = 5*c + 3*p - 12, -2*p = c - 5. What is the units digit of c/(4/16)*2?
8
Let t(g) = 213*g**3 + g - 1. What is the tens digit of t(1)?
1
Suppose 8*k - 28 = 4*k. Let f = 8 - k. What is the units digit of f?
1
Let v(n) = -n + 20. Let b(o) = -o + 13. Let q(p) = 7*b(p) - 5*v(p). Let d be q(-6). Suppose -25 - 2 = -d*j. What is the units digit of j?
9
Suppose 4*z + 20 = 0, -v - 3*z + 47 = -6*z. Suppose 0 = 2*u - 4*u + v. Suppose 3*t = -t + u. What is the units digit of t?
4
Suppose 0 = -5*c - 5*m + 463 + 322, 5*c = 5*m + 795. What is the units digit of c?
8
Let c(x) = 7*x - 9. What is the units digit of c(6)?
3
Suppose -4*a = -9*a. Suppose -p = -8*p + 14. Suppose -p*b + n = -a*b - 4, 5*b = -n + 10. What is the units digit of b?
2
Let m be 10/5 + (-1 - -2). Suppose -m*g + 3 = -4*g. Let p(t) = -t. What is the units digit of p(g)?
3
Suppose 3*u - 10 = 14. Suppose -12*q = -u*q - 60. What is the units digit of q?
5
Let l = -29 - -51. Suppose -5*q - 4*x = l, 0 = q + x - 2*x - 1. Let k = q - -3. What is the units digit of k?
1
Suppose -5*r - 29 = -4*g, 5*g = -2*r + 66 - 5. Let t(s) = 0*s + s + 3 + 0. What is the tens digit of t(g)?
1
Let t = 4 + -2. Let m = t + 0. Suppose -m*y = 3*y - 50. What is the tens digit of y?
1
Let p = 7 + -5. Suppose -p*c - 47 = 17. Let b = -15 - c. What is the units digit of b?
7
Let n = -16 - -9. Let x(k) = k**2 + 7*k + 2. Let v be x(n). Suppose -v*t + 6 = -6. What is the units digit of t?
6
Let c = -93 - -214. What is the tens digit of c?
2
Suppose -3 + 1 = -n. Suppose n*i + 0*b = b + 26, -58 = -5*i - b. What is the units digit of i?
2
Let u(q) = 0 + 5*q - q**2 - 9*q - 9 - 8*q. What is the units digit of u(-6)?
7
Suppose -11*v = -7*v - 32. What is the units digit of v?
8
Suppose 7*c = 3*c + 4*y, 5*c - 4*y = 2. Suppose 34 - 7 = r. Suppose r = c*d + d. What is the units digit of d?
9
Suppose 0 = 3*w + 30 + 84. Let g be 1/4 + w/(-8). Suppose o + 36 = g*o. What is the units digit of o?
9
Suppose -5*s + 3 = -4*s. Suppose -2*g + 44 = -3*z, -s*g + 60 = z - 17. What is the tens digit of g?
2
Suppose -3*s + x = -16, s - 8 - 2 = -2*x. Suppose -y + 46 = s. What is the tens digit of y?
4
Suppose 11 = -r + 3*v - 8*v, 2*r + 4*v + 16 = 0. Let u(d) = -d - 5. Let f be u(r). Suppose 2*y - 11 = f. What is the units digit of y?
6
Suppose 0 = 4*c + 1 - 9. Let z be 8 + c/(-4)*2. What is the units digit of (1 - 0)/(1/z)?
7
Let i be 1/(-5) + 22/10. Suppose i*g = -2*g - 16. What is the units digit of 1*-16*3/g?
2
Let u(k) = 16*k**2 - 4*k + 1. Let c be u(-3). Suppose -5*t + 37 - c = 0. What is the units digit of (14/6 - 3)*t?
6
What is the units digit of -6*2*(-3)/36?
1
Let n(p) = -p**3 - 3*p**2 - 2*p + 2. Let a be n(-3). Let j be a*(4 + -1)/6. Suppose -3*x - 5 = -j*x. What is the units digit of x?
5
Suppose 4*d = 3*l - 31, -4*d - 9 = -l + 4. Let q = l + -6. What is the units digit of (2 - q)*(0 + -11)?
1
Let k(p) be the first derivative of 2 - 2*p + 3/2*p**2. What is the units digit of k(2)?
4
Let s(m) = -m**3 + 12*m**2 + 15*m - 7. What is the units digit of s(13)?
9
Suppose -3*b + b = -4*k - 20, 3*b - 3*k - 24 = 0. Suppose -4*p + 22 = -5*o + 4, b = -2*p - 5*o. Let a = p - -11. What is the tens digit of a?
1
Let l = 293 - 207. What is the units digit of l?
6
Let j = 225 - 122. What is the units digit of j?
3
Let c = 4 - 6. Let n = c + 13. What is the units digit of n?
1
Suppose -4*a = -4*p - 12, 3*p = -0*p - 3*a + 9. Suppose 10 = 5*q - p. Suppose -b - 7 = -z + 3*b, -4*z = q*b - 10. What is the units digit of z?
3
Suppose -g - 4*a + 63 = 0, -g + 3*a = -2*g + 68. What is the tens digit of g?
8
Suppose 0 = -2*w - 5*c - 11, -5*c = 4*w - 4*c - 5. Suppose 0 = w*v + v. Let k = v + 1. What is the units digit of k?
1
Let b = 4 + -10. What is the units digit of ((-14)/(-3))/((-4)/b)?
7
Let u(b) = -6*b**2 - b + 1. Let t be u(1). Let f be (-2)/5*40/8. What is the units digit of f*27/t + -2?
7
Let x be 15/1 - (-1)/1. Suppose -6*d + 32 = -2*d. Let t = x - d. What is the units digit of t?
8
Let l be (-25)/(-3) + (-2)/6. Let s(x) = x**3 + 4*x**2 + 2*x - 3. Let k be s(-3). What is the units digit of (-6)/(-3) + k + l?
0
Let w(f) be the first derivative of f**4/4 + 5*f**3/3 - 3*f**2/2 - 5*f + 1. Suppose 3*p + 4*n = -3, 5*n = 17 - 2. What is the tens digit of w(p)?
1
Suppose -4*w - 5*w + 2970 = 0. What is the tens digit of w?
3
Let w(h) = -h - 1. Let t be w(-7). Suppose 0 = 5*q - 2 - 3. Let d = q + t. What is the units digit of d?
7
Let v be 204/(-9)*12/8. What is the tens digit of v/(2/(-3)*3)?
1
What is the tens digit of 61/(((-20)/(-25))/4)?
0
Suppose 0 = 2*a + 24 - 0. Let l be a*(1 + (-12)/9). Let p = 6 - l. What is the units digit of p?
2
Suppose 5*f + 120 = 11*f. What is the tens digit of f?
2
Let c = 3 - 2. Let r be (-2 - 1) + c*9. What is the units digit of ((-2)/r)/(2/(-42))?
7
Let b = -12 + -5. Let o = 24 + b. Suppose -3*c - 17 = -5*d, 3*c + 0*d + d = o. What is the units digit of c?
1
Suppose 0 = z - 1 + 2. What is the units digit of (18 - 6)*z/(-3)?
4
Suppose -142 + 52 = -5*g. What is the units digit of g?
8
Let d = -1 + 1. Suppose d*o = o. What is the units digit of -2*(0 - (o - -2))?
4
Let q(p) = p**3 + 7*p**2 + 4*p - 5. Let k be q(-6). Let h(y) be the first derivative of y**4/4 - 8*y**3/3 + 9*y**2/2 - 5*y + 2. What is the units digit of h(k)?
9
Suppose 2*u = 5*m - 13, 0*u